{"id":147,"date":"2014-08-06T14:28:23","date_gmt":"2014-08-06T14:28:23","guid":{"rendered":"http:\/\/pontualbh.artefocus.com.br\/?page_id=147"},"modified":"2014-08-06T14:28:23","modified_gmt":"2014-08-06T14:28:23","slug":"canhoto-destacavel-da-nota-fiscal","status":"publish","type":"page","link":"https:\/\/www.pontualbh.com.br\/?page_id=147","title":{"rendered":"CANHOTO DESTAC\u00c1VEL DA NOTA FISCAL"},"content":{"rendered":"<p><strong>Canhoto como parte integrante da nota fiscal \u00a0<\/strong><\/p>\n<p>O comprovante de entrega da mercadoria, na forma de canhoto destac\u00e1vel, integra a 1\u00aa via da Nota Fiscal, modelo 1 ou 1-A.<\/p>\n<p>O canhoto destac\u00e1vel deve\u00a0conter nos quadros e nos campos pr\u00f3prios as indica\u00e7\u00f5es que segue:<\/p>\n<p>a) a declara\u00e7\u00e3o de recebimento dos produtos;<\/p>\n<p>b) a data de recebimento dos produtos;<\/p>\n<p>c) a identifica\u00e7\u00e3o e assinatura do recebedor dos produtos;<\/p>\n<p>d) a express\u00e3o \u201cNota Fiscal\u201d;<\/p>\n<p>e) o n\u00famero de ordem da Nota Fiscal.<\/p>\n<p><strong>Inser\u00e7\u00e3o facultativa do canhoto na Nota Fiscal <\/strong><\/p>\n<p>\u00c9 facultativa a inser\u00e7\u00e3o, na Nota Fiscal, do comprovante de entrega dos produtos sob forma de canhoto destac\u00e1vel.<\/p>\n<p>O contribuinte que optar pela n\u00e3o-inser\u00e7\u00e3o do canhoto destac\u00e1vel, na Nota Fiscal, dever\u00e1 informar ao Fisco, mediante indica\u00e7\u00e3o na Autoriza\u00e7\u00e3o de Impress\u00e3o de Documentos Fiscais (AIDF).<\/p>\n<p>Embora facultativa a inser\u00e7\u00e3o do canhoto na Nota Fiscal pela legisla\u00e7\u00e3o do ICMS, \u00e9 recomendada a sua utiliza\u00e7\u00e3o pelo contribuinte que realiza vendas a prazo, pois\u00a0poder\u00e1 precisar do canhoto para efeito de comprova\u00e7\u00e3o da entrega da mercadoria, em caso de lit\u00edgio judicial relacionado com o n\u00e3o-pagamento da obriga\u00e7\u00e3o (duplicata) pelo cliente.<\/p>\n<p><strong>Comprova\u00e7\u00f5es da entrega das mercadorias<\/strong><\/p>\n<p>No transporte da mercadoria, o canhoto dever\u00e1 permanecer intacto at\u00e9 o local do estabelecimento destinat\u00e1rio, ocasi\u00e3o em que dever\u00e3o ser feitas as anota\u00e7\u00f5es referentes \u00e0 entrega da mercadoria, indicadas no item 1.<\/p>\n<p>O canhoto destac\u00e1vel\u00a0tem por prec\u00edpua finalidade de documentar a efetiva tradi\u00e7\u00e3o do bem enviado pelo remetente ao destinat\u00e1rio. Desse modo, o transporte da mercadoria at\u00e9 o destinat\u00e1rio, dever\u00e1 ser acompanhado da nota fiscal, com o respectivo canhoto, sem o qual esta ser\u00e1 considerada como documento fiscal incompleto, pass\u00edvel de penalidades regulamentares.<\/p>\n","protected":false},"excerpt":{"rendered":"<p>Canhoto como parte integrante da nota fiscal \u00a0 O comprovante de entrega da mercadoria, na forma de canhoto destac\u00e1vel, integra a 1\u00aa via da Nota Fiscal, modelo 1 ou 1-A. O canhoto destac\u00e1vel deve\u00a0conter nos quadros e nos campos pr\u00f3prios as indica\u00e7\u00f5es que segue: a) a declara\u00e7\u00e3o de recebimento dos produtos; b) a data de<\/p>\n","protected":false},"author":1,"featured_media":0,"parent":0,"menu_order":0,"comment_status":"open","ping_status":"open","template":"","meta":[],"_links":{"self":[{"href":"https:\/\/www.pontualbh.com.br\/index.php?rest_route=\/wp\/v2\/pages\/147"}],"collection":[{"href":"https:\/\/www.pontualbh.com.br\/index.php?rest_route=\/wp\/v2\/pages"}],"about":[{"href":"https:\/\/www.pontualbh.com.br\/index.php?rest_route=\/wp\/v2\/types\/page"}],"author":[{"embeddable":true,"href":"https:\/\/www.pontualbh.com.br\/index.php?rest_route=\/wp\/v2\/users\/1"}],"replies":[{"embeddable":true,"href":"https:\/\/www.pontualbh.com.br\/index.php?rest_route=%2Fwp%2Fv2%2Fcomments&post=147"}],"version-history":[{"count":0,"href":"https:\/\/www.pontualbh.com.br\/index.php?rest_route=\/wp\/v2\/pages\/147\/revisions"}],"wp:attachment":[{"href":"https:\/\/www.pontualbh.com.br\/index.php?rest_route=%2Fwp%2Fv2%2Fmedia&parent=147"}],"curies":[{"name":"wp","href":"https:\/\/api.w.org\/{rel}","templated":true}]}}