{"id":135,"date":"2014-08-06T14:21:03","date_gmt":"2014-08-06T14:21:03","guid":{"rendered":"http:\/\/pontualbh.artefocus.com.br\/?page_id=135"},"modified":"2014-08-06T14:21:03","modified_gmt":"2014-08-06T14:21:03","slug":"sped-agilidade-e-precisao-ao-seu-alcance","status":"publish","type":"page","link":"https:\/\/www.pontualbh.com.br\/?page_id=135","title":{"rendered":"SPED &#8211; AGILIDADE E PRECIS\u00c3O AO SEU ALCANCE"},"content":{"rendered":"<p><strong>A busca por novas alternativas legais<\/strong><\/p>\n<p>&nbsp;<\/p>\n<p>Poucos pa\u00edses conseguiram avan\u00e7ar tanto como o Brasil na informatiza\u00e7\u00e3o das rela\u00e7\u00f5es entre o Fisco e Contribuinte. \u00c9 um movimento constante que acelera a cada ano.<\/p>\n<p>Neste momento, o avan\u00e7o est\u00e1 numa ferramenta promissora para a moderniza\u00e7\u00e3o das atividades empresariais, o Sistema P\u00fablico de Escritura\u00e7\u00e3o Digital (SPED), em estado avan\u00e7ado na concep\u00e7\u00e3o do documento que serve de base de c\u00e1lculo dos impostos em todas as esferas governamentais &#8211; a Nota Fiscal Eletr\u00f4nica (NF-e). Seu atual modo de emiss\u00e3o, circula\u00e7\u00e3o e arquivamento come\u00e7am a ficar incompat\u00edveis com o mundo corporativo, onde se exige agilidade e precis\u00e3o.<\/p>\n<p>A busca de solu\u00e7\u00f5es para modernizar as t<a href=\"https:\/\/www.pontualbh.com.br\/sucata.html\">sucata<\/a>ransa\u00e7\u00f5es envolvendo notas fiscais e todo o conjunto de opera\u00e7\u00f5es tribut\u00e1rias praticadas pelas empresas, estimulou, nos \u00faltimos anos, muitas discuss\u00f5es entre representantes da iniciativa privada e dos governos federais, estaduais e municipais.<\/p>\n<p>Com esse objetivo, iniciou a implementa\u00e7\u00e3o do SPED, que vem sendo acompanhado de perto por milhares de empres\u00e1rios, preocupados em reduzir a burocracia envolvida em suas obriga\u00e7\u00f5es acess\u00f3rias.<\/p>\n<p>O SPED \u00e9 uma iniciativa da Receita Federal e de \u00f3rg\u00e3os fiscais estaduais para agilizar e padronizar o relacionamento entre o Fisco e o Contribuinte por meio da centraliza\u00e7\u00e3o das informa\u00e7\u00f5es das empresas.<\/p>\n<p>A partir do SPED, todos os \u00f3rg\u00e3os governamentais, Receita Federal, Estadual, CVM e o Banco Central poder\u00e3o acessar os dados rapidamente, dispensando os contribuintes de se reportar de forma complementar, em formul\u00e1rios e declara\u00e7\u00f5es espec\u00edficas.<\/p>\n<p>Est\u00e3o envolvidas no projeto a Escritura\u00e7\u00e3o Cont\u00e1bil e Fiscal Digital e a Nota Fiscal Eletr\u00f4nica. Ousado no objetivo, mas complexo na sua operacionaliza\u00e7\u00e3o, o SPED vai revolucionar e modernizar as rela\u00e7\u00f5es da atividade empresarial.<\/p>\n","protected":false},"excerpt":{"rendered":"<p>A busca por novas alternativas legais &nbsp; Poucos pa\u00edses conseguiram avan\u00e7ar tanto como o Brasil na informatiza\u00e7\u00e3o das rela\u00e7\u00f5es entre o Fisco e Contribuinte. \u00c9 um movimento constante que acelera a cada ano. Neste momento, o avan\u00e7o est\u00e1 numa ferramenta promissora para a moderniza\u00e7\u00e3o das atividades empresariais, o Sistema P\u00fablico de Escritura\u00e7\u00e3o Digital (SPED), em<\/p>\n","protected":false},"author":1,"featured_media":0,"parent":0,"menu_order":0,"comment_status":"open","ping_status":"open","template":"","meta":[],"_links":{"self":[{"href":"https:\/\/www.pontualbh.com.br\/index.php?rest_route=\/wp\/v2\/pages\/135"}],"collection":[{"href":"https:\/\/www.pontualbh.com.br\/index.php?rest_route=\/wp\/v2\/pages"}],"about":[{"href":"https:\/\/www.pontualbh.com.br\/index.php?rest_route=\/wp\/v2\/types\/page"}],"author":[{"embeddable":true,"href":"https:\/\/www.pontualbh.com.br\/index.php?rest_route=\/wp\/v2\/users\/1"}],"replies":[{"embeddable":true,"href":"https:\/\/www.pontualbh.com.br\/index.php?rest_route=%2Fwp%2Fv2%2Fcomments&post=135"}],"version-history":[{"count":0,"href":"https:\/\/www.pontualbh.com.br\/index.php?rest_route=\/wp\/v2\/pages\/135\/revisions"}],"wp:attachment":[{"href":"https:\/\/www.pontualbh.com.br\/index.php?rest_route=%2Fwp%2Fv2%2Fmedia&parent=135"}],"curies":[{"name":"wp","href":"https:\/\/api.w.org\/{rel}","templated":true}]}}