{"id":109,"date":"2014-08-06T13:34:09","date_gmt":"2014-08-06T13:34:09","guid":{"rendered":"http:\/\/pontualbh.artefocus.com.br\/?page_id=109"},"modified":"2014-08-06T13:34:09","modified_gmt":"2014-08-06T13:34:09","slug":"documentos-trabalhista-e-previdenciario","status":"publish","type":"page","link":"https:\/\/www.pontualbh.com.br\/?page_id=109","title":{"rendered":"Documentos trabalhista e previdenci\u00e1rio"},"content":{"rendered":"<div align=\"center\">\n<h3 class=\"style17\">Prazo de Guarda de Documentos<\/h3>\n<h3 class=\"style17\"><\/h3>\n<div>\n<h3 class=\"style17\"><span class=\"style18\"><strong>Fiscaliza\u00e7\u00e3o Trabalhista<\/strong><br \/>\nTabela de Prazos para Guarda de Documentos Trabalhista e Previdenci\u00e1rio<\/span><\/h3>\n<\/div>\n<\/div>\n<table border=\"3\" width=\"95%\" cellspacing=\"0\" cellpadding=\"0\" align=\"center\">\n<tbody>\n<tr>\n<td colspan=\"2\" bgcolor=\"#FFFF99\">\n<div align=\"center\">\n<p><strong>\u00a0Tabela<\/strong><\/p>\n<\/div>\n<\/td>\n<\/tr>\n<tr>\n<td bgcolor=\"#FFFFCC\">\n<div align=\"center\">\n<p align=\"center\"><strong>Documento<\/strong><\/p>\n<\/div>\n<\/td>\n<td bgcolor=\"#FFFFCC\">\n<div align=\"center\">\n<p><strong>Tempo de Guarda<\/strong><\/p>\n<\/div>\n<\/td>\n<\/tr>\n<tr>\n<td>\n<div align=\"center\">\n<p>Aviso pr\u00e9vio<\/p>\n<\/div>\n<\/td>\n<td>\n<div align=\"center\">\n<p>2 anos<\/p>\n<\/div>\n<\/td>\n<\/tr>\n<tr>\n<td>\n<div align=\"center\">\n<p>Pedido de demiss\u00e3o<\/p>\n<\/div>\n<\/td>\n<td>\n<div align=\"center\">\n<p>2 anos \u2013 art. 7\u00ba, XXIX, CF<\/p>\n<\/div>\n<\/td>\n<\/tr>\n<tr>\n<td>\n<div align=\"center\">\n<p>CAGED (Cadastro Geral de Empregados e Desempregados)<\/p>\n<\/div>\n<\/td>\n<td>\n<div align=\"center\">\n<p>3 anos contar da data do envio do arquivo ao Minist\u00e9rio do Trabalho e Emprego (MTE) \u2013 art. 1\u00ba, \u00a7 2\u00ba, Portaria TEM 235\/03<\/p>\n<\/div>\n<\/td>\n<\/tr>\n<tr>\n<td>\n<div align=\"center\">\n<p>Acordo de compensa\u00e7\u00e3o de horas<\/p>\n<\/div>\n<\/td>\n<td>\n<div align=\"center\">\n<p>5 anos<\/p>\n<\/div>\n<\/td>\n<\/tr>\n<tr>\n<td>\n<div align=\"center\">\n<p>Acordo de prorroga\u00e7\u00e3o de horas<\/p>\n<\/div>\n<\/td>\n<td>\n<div align=\"center\">\n<p>5 anos<\/p>\n<\/div>\n<\/td>\n<\/tr>\n<tr>\n<td>\n<div align=\"center\">\n<p>Adiantamento salarial (para efeitos trabalhistas)<\/p>\n<\/div>\n<\/td>\n<td>\n<div align=\"center\">\n<p>5 anos<\/p>\n<\/div>\n<\/td>\n<\/tr>\n<tr>\n<td>\n<div align=\"center\">\n<p>Atestados m\u00e9dicos (para efeitos trabalhistas)<\/p>\n<\/div>\n<\/td>\n<td>\n<div align=\"center\">\n<p>5 anos<\/p>\n<\/div>\n<\/td>\n<\/tr>\n<tr>\n<td>\n<div align=\"center\">\n<p>Autoriza\u00e7\u00e3o de descontos<\/p>\n<\/div>\n<\/td>\n<td>\n<div align=\"center\">\n<p>5 anos<\/p>\n<\/div>\n<\/td>\n<\/tr>\n<tr>\n<td>\n<div align=\"center\">\n<p>CIPA (Comiss\u00e3o Interna de Preven\u00e7\u00e3o de Acidentes) \u2013 processo eleitoral<\/p>\n<\/div>\n<\/td>\n<td>\n<div align=\"center\">\n<p>5 anos<\/p>\n<\/div>\n<\/td>\n<\/tr>\n<tr>\n<td>\n<div align=\"center\">\n<p>Controle de ponto<\/p>\n<\/div>\n<\/td>\n<td>\n<div align=\"center\">\n<p>5 anos \u2013 art. 7\u00ba, XXIX, CF e art. 11 da CLT<\/p>\n<\/div>\n<\/td>\n<\/tr>\n<tr>\n<td>\n<div align=\"center\">\n<p>GRCSU (Guia de Recolhimento de Contribui\u00e7\u00e3o Sindical Urbana) &#8211; para as contribui\u00e7\u00f5es n\u00e3o recolhidas n\u00e3o h\u00e1 prazo prescricional<\/p>\n<\/div>\n<\/td>\n<td>\n<div align=\"center\">\n<p>5 anos \u2013 arts. 578\/579, CLT c\/c arts. 173 e 217 CTN<\/p>\n<\/div>\n<\/td>\n<\/tr>\n<tr>\n<td>\n<div align=\"center\">\n<p>Mapa Anual de Acidentes do Trabalho<\/p>\n<\/div>\n<\/td>\n<td>\n<div align=\"center\">\n<p>5 anos<\/p>\n<\/div>\n<\/td>\n<\/tr>\n<tr>\n<td>\n<div align=\"center\">\n<p>Recibos de pagamento de abono pecuni\u00e1rio<\/p>\n<\/div>\n<\/td>\n<td>\n<div align=\"center\">\n<p>5 anos<\/p>\n<\/div>\n<\/td>\n<\/tr>\n<tr>\n<td>\n<div align=\"center\">\n<p>Recibos de pagamento e adiantamento salarial<\/p>\n<\/div>\n<\/td>\n<td>\n<div align=\"center\">\n<p>5 anos \u2013 art. 7\u00ba, XXIX, CF e art. 11 da CLT<\/p>\n<\/div>\n<\/td>\n<\/tr>\n<tr>\n<td>\n<div align=\"center\">\n<p>Recibos de pagamento e gozo de f\u00e9rias<\/p>\n<\/div>\n<\/td>\n<td>\n<div align=\"center\">\n<p>5 anos \u2013 art. 7\u00ba, XXIX, CF e art. 11 da CLT<\/p>\n<\/div>\n<\/td>\n<\/tr>\n<tr>\n<td>\n<div align=\"center\">\n<p>Recibos de pagamentos do 13\u00ba sal\u00e1rio<\/p>\n<\/div>\n<\/td>\n<td>\n<div align=\"center\">\n<p>5 anos \u2013 art. 7\u00ba, XXIX, CF e art. 11 da CLT<\/p>\n<\/div>\n<\/td>\n<\/tr>\n<tr>\n<td>\n<div align=\"center\">\n<p>Sal\u00e1rio &#8211; rela\u00e7\u00e3o de dep\u00f3sitos banc\u00e1rios<\/p>\n<\/div>\n<\/td>\n<td>\n<div align=\"center\">\n<p>5 anos<\/p>\n<\/div>\n<\/td>\n<\/tr>\n<tr>\n<td>\n<div align=\"center\">\n<p>Seguro Desemprego (Comunica\u00e7\u00e3o de Dispensa &#8211; CD e Requerimento do Seguro-Desemprego &#8211; SD)<\/p>\n<\/div>\n<\/td>\n<td>\n<div align=\"center\">\n<p>5 anos<\/p>\n<\/div>\n<\/td>\n<\/tr>\n<tr>\n<td>\n<div align=\"center\">\n<p>Vale-transporte (pedido, recibo de entrega, altera\u00e7\u00e3o de endere\u00e7o etc)<\/p>\n<\/div>\n<\/td>\n<td>\n<div align=\"center\">\n<p>5 anos<\/p>\n<\/div>\n<\/td>\n<\/tr>\n<tr>\n<td>\n<div align=\"center\">\n<p>Comprovante de entrega da Guia da Previd\u00eancia Social ao sindicato profissional<\/p>\n<\/div>\n<\/td>\n<td>\n<div align=\"center\">\n<p>5 anos<\/p>\n<\/div>\n<\/td>\n<\/tr>\n<tr>\n<td>\n<div align=\"center\">\n<p>Comprovante de pagamento ou a declara\u00e7\u00e3o apresentada pelo contribuinte individual para fins de apresenta\u00e7\u00e3o ao INSS<\/p>\n<\/div>\n<\/td>\n<td>\n<div align=\"center\">\n<p>5 anos<\/p>\n<\/div>\n<\/td>\n<\/tr>\n<tr>\n<td>\n<div align=\"center\">\n<p>Comprovante de pagamento de benef\u00edcios reembolsados pelo INSS<\/p>\n<\/div>\n<\/td>\n<td>\n<div align=\"center\">\n<p>5 anos<\/p>\n<\/div>\n<\/td>\n<\/tr>\n<tr>\n<td>\n<div align=\"center\">\n<p>Comprovante de pagamento ou declara\u00e7\u00e3o do segurado<\/p>\n<\/div>\n<\/td>\n<td>\n<div align=\"center\">\n<p>5 anos<\/p>\n<\/div>\n<\/td>\n<\/tr>\n<tr>\n<td>\n<div align=\"center\">\n<p>Comunica\u00e7\u00e3o de Acidente de Trabalho (CAT)<\/p>\n<\/div>\n<\/td>\n<td>\n<div align=\"center\">\n<p>5 anos<\/p>\n<\/div>\n<\/td>\n<\/tr>\n<tr>\n<td>\n<div align=\"center\">\n<p>Documentos que comprovem a isen\u00e7\u00e3o da contribui\u00e7\u00e3o previdenci\u00e1ria<\/p>\n<\/div>\n<\/td>\n<td>\n<div align=\"center\">\n<p>5 anos<\/p>\n<\/div>\n<\/td>\n<\/tr>\n<tr>\n<td>\n<div align=\"center\">\n<p>Guia da Previd\u00eancia Social (GPS)<\/p>\n<p><strong><em>Nota: <\/em><\/strong><em>Apesar dos artigos 45 e 46 da Lei 8212\/91 estabelecerem o prazo de 10 anos, o STF declarou tais dispositivos inconstitucionais e editou a s\u00famula vinculante n\u00b0 8: \u201cS\u00e3o inconstitucionais, o par\u00e1grafo \u00fanico do artigo 5\u00b0 do Decreto lei 1569\/77 re os artigos 45 e 46 da lei 8212\/91, que tratam de prescri\u00e7\u00e3o e decad\u00eancia de cr\u00e9dito tribut\u00e1rio\u201d.<\/em><\/p>\n<\/div>\n<\/td>\n<td>\n<div align=\"center\">\n<p>5 anos \u2013 art. 45, Lei 8.212\/91 c\/c S\u00famula vinculante n.\u00ba 8 STF<\/p>\n<\/div>\n<\/td>\n<\/tr>\n<tr>\n<td>\n<div align=\"center\">\n<p>Lan\u00e7amentos cont\u00e1beis de fatos geradores das contribui\u00e7\u00f5es previdenci\u00e1rias<\/p>\n<\/div>\n<\/td>\n<td>\n<div align=\"center\">\n<p>5 anos<\/p>\n<\/div>\n<\/td>\n<\/tr>\n<tr>\n<td>\n<div align=\"center\">\n<p>Documentos relativos \u00e0 reten\u00e7\u00e3o dos 11% do INSS sobre nota fiscal de servi\u00e7os<\/p>\n<\/div>\n<\/td>\n<td>\n<div align=\"center\">\n<p>5 anos<\/p>\n<\/div>\n<\/td>\n<\/tr>\n<tr>\n<td>\n<div align=\"center\">\n<p>Sal\u00e1rio-educa\u00e7\u00e3o &#8211; documentos relacionados ao benef\u00edcio<\/p>\n<\/div>\n<\/td>\n<td>\n<div align=\"center\">\n<p>5 anos<\/p>\n<\/div>\n<\/td>\n<\/tr>\n<tr>\n<td>\n<div align=\"center\">\n<p>Sal\u00e1rio-maternidade &#8211; documentos relacionados ao benef\u00edcio<\/p>\n<\/div>\n<\/td>\n<td>\n<div align=\"center\">\n<p>5 anos<\/p>\n<\/div>\n<\/td>\n<\/tr>\n<tr>\n<td>\n<div align=\"center\">\n<p>Sal\u00e1rio-fam\u00edlia &#8211; documentos relacionados ao benef\u00edcio<\/p>\n<\/div>\n<\/td>\n<td>\n<div align=\"center\">\n<p>5 anos<\/p>\n<\/div>\n<\/td>\n<\/tr>\n<tr>\n<td>\n<div align=\"center\">\n<p>Demais documentos sujeito \u00e0 fiscaliza\u00e7\u00e3o do INSS<\/p>\n<\/div>\n<\/td>\n<td>\n<div align=\"center\">\n<p>5 anos<\/p>\n<\/div>\n<\/td>\n<\/tr>\n<tr>\n<td>\n<div align=\"center\">\n<p>RAIS (Rela\u00e7\u00e3o Anual de Informa\u00e7\u00f5es Sociais)<\/p>\n<\/div>\n<\/td>\n<td>\n<div align=\"center\">\n<p>5 anos \u2013 art. 9\u00ba, Portaria TEM 651\/07<\/p>\n<\/div>\n<\/td>\n<\/tr>\n<tr>\n<td>\n<div align=\"center\">\n<p>Folha de Pagamento<\/p>\n<\/div>\n<\/td>\n<td>\n<div align=\"center\">\n<p>10 anos \u2013 art. 225, I e \u00a7 5\u00ba, Dec. 3048\/99<\/p>\n<\/div>\n<\/td>\n<\/tr>\n<tr>\n<td>\n<div align=\"center\">\n<p>Programa de Controle M\u00e9dico de Sa\u00fade Ocupacional (PCMSO) \u2013 Exames m\u00e9dicos admissional, peri\u00f3dico, de retorno ao trabalho, mudan\u00e7a de fun\u00e7\u00e3o e demissional (contados ap\u00f3s o desligamento do empregado).<\/p>\n<\/div>\n<\/td>\n<td>\n<div align=\"center\">\n<p>20 anos ap\u00f3s o desligamento do trabalhador<\/p>\n<\/div>\n<\/td>\n<\/tr>\n<tr>\n<td>\n<div align=\"center\">\n<p>Perfil Profissiogr\u00e1fico Previdenci\u00e1rio (PPP)<\/p>\n<\/div>\n<\/td>\n<td>\n<div align=\"center\">\n<p>20 anos<\/p>\n<\/div>\n<\/td>\n<\/tr>\n<tr>\n<td>\n<div align=\"center\">\n<p>Programa de Preven\u00e7\u00e3o de Riscos Ambientais (PPRA) \u2013 toda documenta\u00e7\u00e3o<\/p>\n<\/div>\n<\/td>\n<td>\n<div align=\"center\">\n<p>20 anos<\/p>\n<\/div>\n<\/td>\n<\/tr>\n<tr>\n<td>\n<div align=\"center\">\n<p>Fundo de Garantia do Tempo de Servi\u00e7o (FGTS) &#8211; dep\u00f3sitos e documentos relacionados<\/p>\n<\/div>\n<\/td>\n<td>\n<div align=\"center\">\n<p>30 anos \u2013 art. 23, \u00a7 5\u00ba, Lei 8036\/90 e S\u00famula 362 TST<\/p>\n<\/div>\n<\/td>\n<\/tr>\n<tr>\n<td>\n<div align=\"center\">\n<p>Guia de Recolhimento do Fundo de Garantia do Tempo de Servi\u00e7o e Informa\u00e7\u00f5es \u00e0 Previd\u00eancia Social (GFIP)<\/p>\n<\/div>\n<\/td>\n<td>\n<div align=\"center\">\n<p>30 anos \u2013 art. 23, \u00a7 5\u00ba, Lei 8036\/90<\/p>\n<\/div>\n<\/td>\n<\/tr>\n<tr>\n<td>\n<div align=\"center\">\n<p>Guia de Recolhimento Rescis\u00f3rio do FGTS (GRRF)<\/p>\n<\/div>\n<\/td>\n<td>\n<div align=\"center\">\n<p>30 anos \u2013 art. 23, \u00a7 5\u00ba, Lei 8036\/90<\/p>\n<\/div>\n<\/td>\n<\/tr>\n<tr>\n<td>\n<div align=\"center\">\n<p>Livro de Inspe\u00e7\u00e3o do Trabalho<\/p>\n<\/div>\n<\/td>\n<td>\n<div align=\"center\">\n<p>Indeterminado<\/p>\n<\/div>\n<\/td>\n<\/tr>\n<tr>\n<td>\n<div align=\"center\">\n<p>Livros\/fichas de registro de empregados<\/p>\n<\/div>\n<\/td>\n<td>\n<div align=\"center\">\n<p>Indeterminado<\/p>\n<\/div>\n<\/td>\n<\/tr>\n<tr>\n<td>\n<div align=\"center\">\n<p>Livro &#8220;Registro de Seguran\u00e7a&#8221; das caldeiras e vasos sob press\u00e3o<\/p>\n<\/div>\n<\/td>\n<td>\n<div align=\"center\">\n<p>Indeterminado<\/p>\n<\/div>\n<\/td>\n<\/tr>\n<tr>\n<td>\n<div align=\"center\">\n<p>Contrato de trabalho<\/p>\n<\/div>\n<\/td>\n<td>\n<div align=\"center\">\n<p>Indeterminado<\/p>\n<\/div>\n<\/td>\n<\/tr>\n<tr>\n<td>\n<div align=\"center\">\n<p>Comprovante de exerc\u00edcio da atividade remunerada dos segurados e contribuintes individuais<\/p>\n<\/div>\n<\/td>\n<td>\n<div align=\"center\">\n<p>Indeterminado<\/p>\n<\/div>\n<\/td>\n<\/tr>\n<tr>\n<td>\n<div align=\"center\">\n<p>Livros de atas da CIPA (Comiss\u00e3o Interna de Preven\u00e7\u00e3o de Acidentes)<\/p>\n<\/div>\n<\/td>\n<td>\n<div align=\"center\">\n<p>Indeterminado<\/p>\n<\/div>\n<\/td>\n<\/tr>\n<\/tbody>\n<\/table>\n","protected":false},"excerpt":{"rendered":"<p>Prazo de Guarda de Documentos Fiscaliza\u00e7\u00e3o Trabalhista Tabela de Prazos para Guarda de Documentos Trabalhista e Previdenci\u00e1rio \u00a0Tabela Documento Tempo de Guarda Aviso pr\u00e9vio 2 anos Pedido de demiss\u00e3o 2 anos \u2013 art. 7\u00ba, XXIX, CF CAGED (Cadastro Geral de Empregados e Desempregados) 3 anos contar da data do envio do arquivo ao Minist\u00e9rio do<\/p>\n","protected":false},"author":1,"featured_media":0,"parent":0,"menu_order":0,"comment_status":"open","ping_status":"open","template":"","meta":[],"_links":{"self":[{"href":"https:\/\/www.pontualbh.com.br\/index.php?rest_route=\/wp\/v2\/pages\/109"}],"collection":[{"href":"https:\/\/www.pontualbh.com.br\/index.php?rest_route=\/wp\/v2\/pages"}],"about":[{"href":"https:\/\/www.pontualbh.com.br\/index.php?rest_route=\/wp\/v2\/types\/page"}],"author":[{"embeddable":true,"href":"https:\/\/www.pontualbh.com.br\/index.php?rest_route=\/wp\/v2\/users\/1"}],"replies":[{"embeddable":true,"href":"https:\/\/www.pontualbh.com.br\/index.php?rest_route=%2Fwp%2Fv2%2Fcomments&post=109"}],"version-history":[{"count":0,"href":"https:\/\/www.pontualbh.com.br\/index.php?rest_route=\/wp\/v2\/pages\/109\/revisions"}],"wp:attachment":[{"href":"https:\/\/www.pontualbh.com.br\/index.php?rest_route=%2Fwp%2Fv2%2Fmedia&parent=109"}],"curies":[{"name":"wp","href":"https:\/\/api.w.org\/{rel}","templated":true}]}}